der when 191895 is divided by 96?
87
What is the remainder when 163728 is divided by 206?
164
Calculate the remainder when 116520 is divided by 698.
652
Calculate the remainder when 39366 is divided by 19330.
706
Calculate the remainder when 5800710 is divided by 384.
6
Calculate the remainder when 543985 is divided by 3984.
2161
What is the remainder when 78107819 is divided by 710071?
9
What is the remainder when 403272 is divided by 1155?
177
Calculate the remainder when 475788 is divided by 158585.
33
Calculate the remainder when 147225 is divided by 29111.
1670
Calculate the remainder when 5728190 is divided by 2668.
2662
Calculate the remainder when 719822 is divided by 102831.
5
What is the remainder when 51272655 is divided by 88?
71
What is the remainder when 188949336 is divided by 6823?
6820
What is the remainder when 2786673 is divided by 4172?
3949
Calculate the remainder when 557235 is divided by 963.
621
Calculate the remainder when 39998743 is divided by 23.
18
What is the remainder when 164654593 is divided by 2157?
2155
What is the remainder when 17493 is divided by 5745?
258
What is the remainder when 24870429 is divided by 8?
5
Calculate the remainder when 536197 is divided by 947.
195
What is the remainder when 47553114 is divided by 7925496?
138
What is the remainder when 779846 is divided by 2856?
158
Calculate the remainder when 2411280 is divided by 56076.
12
What is the remainder when 732288 is divided by 244068?
84
What is the remainder when 4861995 is divided by 390?
255
Calculate the remainder when 1704031 is divided by 13632.
31
What is the remainder when 1160916 is divided by 128?
84
What is the remainder when 5430 is divided by 122?
62
Calculate the remainder when 3841836 is divided by 5.
1
What is the remainder when 191896110 is divided by 40?
30
Calculate the remainder when 2074055 is divided by 518513.
3
Calculate the remainder when 318755 is divided by 11349.
983
What is the remainder when 1538505 is divided by 45250?
5
What is the remainder when 81307 is divided by 5081?
11
What is the remainder when 5406094 is divided by 1801991?
121
What is the remainder when 9880576 is divided by 20?
16
What is the remainder when 212962 is divided by 55?
2
What is the remainder when 1392429 is divided by 16191?
3
What is the remainder when 885465 is divided by 327?
276
Calculate the remainder when 10210 is divided by 10105.
105
What is the remainder when 848141 is divided by 8823?
1133
Calculate the remainder when 6123929 is divided by 458.
11
What is the remainder when 927682 is divided by 154?
140
Calculate the remainder when 626036 is divided by 12275.
11
What is the remainder when 1781754 is divided by 383?
38
What is the remainder when 1767257 is divided by 1765615?
1642
Calculate the remainder when 40491 is divided by 289.
31
What is the remainder when 37586196 is divided by 50?
46
What is the remainder when 6676087 is divided by 78?
67
What is the remainder when 596797 is divided by 23?
16
Calculate the remainder when 10964500 is divided by 214990.
10
What is the remainder when 85683460 is divided by 19?
15
Calculate the remainder when 211304 is divided by 899.
39
Calculate the remainder when 297276 is divided by 1402.
52
Calculate the remainder when 2831507 is divided by 69.
23
Calculate the remainder when 936063 is divided by 1940.
983
What is the remainder when 460054 is divided by 353?
95
Calculate the remainder when 332030683 is divided by 4.
3
Calculate the remainder when 876986 is divided by 246.
242
Calculate the remainder when 32435046 is divided by 1619.
0
Calculate the remainder when 2796653 is divided by 66.
35
What is the remainder when 159191452 is divided by 36?
28
What is the remainder when 408872 is divided by 408631?
241
What is the remainder when 149292 is divided by 17168?
11948
What is the remainder when 17819 is divided by 2382?
1145
What is the remainder when 6174 is divided by 697?
598
What is the remainder when 6303707 is divided by 1575889?
151
Calculate the remainder when 120952713 is divided by 6376.
6369
Calculate the remainder when 588742 is divided by 10704.
22
What is the remainder when 7462979 is divided by 93?
8
What is the remainder when 638716 is divided by 657?
112
Calculate the remainder when 115259 is divided by 115146.
113
Calculate the remainder when 4853582 is divided by 493.
490
What is the remainder when 918803 is divided by 19126?
755
Calculate the remainder when 91051 is divided by 6558.
5797
Calculate the remainder when 8051354 is divided by 171.
161
Calculate the remainder when 177821 is divided by 292.
285
What is the remainder when 601737 is divided by 2582?
131
What is the remainder when 1271168 is divided by 1120?
1088
Calculate the remainder when 4520951 is divided by 4520929.
22
Calculate the remainder when 811549 is divided by 133712.
9277
What is the remainder when 45952378 is divided by 45952363?
15
What is the remainder when 104455631 is divided by 12?
11
Calculate the remainder when 1148667799 is divided by 1393.
1392
What is the remainder when 67675 is divided by 2828?
2631
Calculate the remainder when 26914 is divided by 3441.
2827
What is the remainder when 675917 is divided by 726?
11
Calculate the remainder when 114562 is divided by 9111.
5230
What is the remainder when 38033487 is divided by 126?
9
What is the remainder when 61954328 is divided by 502?
500
Calculate the remainder when 7616616 is divided by 2538824.
144
What is the remainder when 872643 is divided by 67113?
174
What is the remainder when 291150 is divided by 11757?
8982
What is the remainder when 24838 is divided by 2311?
1728
What is the remainder when 1029209 is divided by 3675?
209
Calculate the remainder when 3981562 is divided by 92.
78
What is the remainder when 478713 is divided by 2284?
1357
Calculate the remainder when 481230 is divided by 80201.
24
What is the remainder when 2322100 is divided by 143?
66
What is the remainder when 66094460 is divided by 19?
15
Calculate the remainder when 2009805 is divided by 13491.
13137
Calculate the remainder when 9015875 is divided by 8302.
8205
What is the remainder when 3781179 is divided by 1473?
1461
Calculate the remainder when 88875005 is divided by 90.
5
Calculate the remainder when 349059 is divided by 174526.
7
Calculate the remainder when 271744 is divided by 33695.
2184
What is the remainder when 1288179 is divided by 322029?
63
Calculate the remainder when 540850 is divided by 22355.
4330
What is the remainder when 13751246 is divided by 67?
32
Calculate the remainder when 7788742 is divided by 1557747.
7
What is the remainder when 2266873 is divided by 755624?
1
What is the remainder when 107925 is divided by 374?
213
Calculate the remainder when 9260620 is divided by 8.
4
Calculate the remainder when 27146478 is divided by 2961.
30
What is the remainder when 263943222 is divided by 13?
10
What is the remainder when 2273252 is divided by 86?
14
Calculate the remainder when 210505 is divided by 68660.
4525
Calculate the remainder when 634253373 is divided by 8.
5
What is the remainder when 847935 is divided by 70645?
195
Calculate the remainder when 29531195 is divided by 12.
11
What is the remainder when 2503776 is divided by 96299?
2
Calculate the remainder when 105193 is divided by 3861.
946
Calculate the remainder when 45301690 is divided by 1006704.
10
What is the remainder when 285615 is divided by 207?
162
What is the remainder when 137795 is divided by 137686?
109
Calculate the remainder when 1320749 is divided by 37.
34
Calculate the remainder when 623612 is divided by 77951.
4
Calculate the remainder when 149636 is divided by 218.
88
What is the remainder when 7936939 is divided by 5?
4
What is the remainder when 1055162 is divided by 415?
232
Calculate the remainder when 116654 is divided by 3330.
104
Calculate the remainder when 62074 is divided by 7759.
2
What is the remainder when 6398689 is divided by 50?
39
What is the remainder when 1012371 is divided by 2225?
2221
What is the remainder when 7984522 is divided by 33?
7
What is the remainder when 1201236 is divided by 400412?
0
What is the remainder when 485629 is divided by 121241?
665
Calculate the remainder when 1211822 is divided by 903.
899
Calculat